Dec 01 13:27:11.565 INFO testing josler/promptly-rs against master#8940af3cea4a9a9deabcaf843b2f8cad9a83fc61 for beta-1.31-5
Dec 01 13:27:11.565 INFO running `"docker" "create" "-v" "/mnt/big/crater/work/local/target-dirs/beta-1.31-5/worker-1/master#8940af3cea4a9a9deabcaf843b2f8cad9a83fc61:/target:rw,Z" "-v" "/mnt/big/crater/work/local/test-source/worker-1/beta-1.31-5/master#8940af3cea4a9a9deabcaf843b2f8cad9a83fc61:/source:ro,Z" "-v" "/mnt/big/crater/work/local/cargo-home:/cargo-home:ro,Z" "-v" "/mnt/big/crater/work/local/rustup-home:/rustup-home:ro,Z" "-e" "USER_ID=1000" "-e" "SOURCE_DIR=/source" "-e" "USER_ID=1000" "-e" "CMD=cargo +8940af3cea4a9a9deabcaf843b2f8cad9a83fc61-alt build --frozen" "-e" "CARGO_TARGET_DIR=/target" "-e" "CARGO_INCREMENTAL=0" "-e" "RUST_BACKTRACE=full" "-e" "RUSTFLAGS=--cap-lints=warn" "-e" "CARGO_HOME=/cargo-home" "-e" "RUSTUP_HOME=/rustup-home" "-m" "1536M" "--network" "none" "crater"`
Dec 01 13:27:11.977 INFO [stdout] 5f65c9ff319b8d3e7e699985024967afa733f430974636a6d37a26f54f24e978
Dec 01 13:27:11.979 INFO running `"docker" "start" "-a" "5f65c9ff319b8d3e7e699985024967afa733f430974636a6d37a26f54f24e978"`
Dec 01 13:27:13.413 INFO [stderr] usermod: no changes
Dec 01 13:27:13.595 INFO [stderr]    Compiling dirs v1.0.4
Dec 01 13:27:13.595 INFO [stderr]    Compiling termion v1.5.1
Dec 01 13:27:13.615 INFO [stderr]    Compiling backtrace-sys v0.1.24
Dec 01 13:27:13.627 INFO [stderr]    Compiling syn v0.15.13
Dec 01 13:27:14.527 INFO [stderr]    Compiling backtrace v0.3.9
Dec 01 13:27:17.351 INFO [stderr]    Compiling failure v0.1.2
Dec 01 13:27:29.026 INFO [stderr]    Compiling serde_derive v1.0.80
Dec 01 13:27:46.988 INFO [stderr]    Compiling promptly v0.1.0 (/source)
Dec 01 13:27:50.879 INFO [stderr]     Finished dev [unoptimized + debuginfo] target(s) in 37.43s
Dec 01 13:27:50.907 INFO [stderr] su: No module specific data is present
Dec 01 13:27:51.621 INFO running `"docker" "inspect" "5f65c9ff319b8d3e7e699985024967afa733f430974636a6d37a26f54f24e978"`
Dec 01 13:27:51.748 INFO running `"docker" "rm" "-f" "5f65c9ff319b8d3e7e699985024967afa733f430974636a6d37a26f54f24e978"`
Dec 01 13:27:51.855 INFO [stdout] 5f65c9ff319b8d3e7e699985024967afa733f430974636a6d37a26f54f24e978
Dec 01 13:27:51.860 INFO running `"docker" "create" "-v" "/mnt/big/crater/work/local/target-dirs/beta-1.31-5/worker-1/master#8940af3cea4a9a9deabcaf843b2f8cad9a83fc61:/target:rw,Z" "-v" "/mnt/big/crater/work/local/test-source/worker-1/beta-1.31-5/master#8940af3cea4a9a9deabcaf843b2f8cad9a83fc61:/source:ro,Z" "-v" "/mnt/big/crater/work/local/cargo-home:/cargo-home:ro,Z" "-v" "/mnt/big/crater/work/local/rustup-home:/rustup-home:ro,Z" "-e" "USER_ID=1000" "-e" "SOURCE_DIR=/source" "-e" "USER_ID=1000" "-e" "CMD=cargo +8940af3cea4a9a9deabcaf843b2f8cad9a83fc61-alt test --frozen --no-run" "-e" "CARGO_TARGET_DIR=/target" "-e" "CARGO_INCREMENTAL=0" "-e" "RUST_BACKTRACE=full" "-e" "RUSTFLAGS=--cap-lints=warn" "-e" "CARGO_HOME=/cargo-home" "-e" "RUSTUP_HOME=/rustup-home" "-m" "1536M" "--network" "none" "crater"`
Dec 01 13:27:52.107 INFO [stdout] e6d8f5760903400ecee60e0d8f89ffddc3704cbf2a8b1254c350296d6618b01e
Dec 01 13:27:52.112 INFO running `"docker" "start" "-a" "e6d8f5760903400ecee60e0d8f89ffddc3704cbf2a8b1254c350296d6618b01e"`
Dec 01 13:27:52.681 INFO [stderr] usermod: no changes
Dec 01 13:27:52.773 INFO [stderr]    Compiling promptly v0.1.0 (/source)
Dec 01 13:27:54.486 INFO [stderr]     Finished dev [unoptimized + debuginfo] target(s) in 1.78s
Dec 01 13:27:54.492 INFO [stderr] su: No module specific data is present
Dec 01 13:27:54.760 INFO running `"docker" "inspect" "e6d8f5760903400ecee60e0d8f89ffddc3704cbf2a8b1254c350296d6618b01e"`
Dec 01 13:27:54.844 INFO running `"docker" "rm" "-f" "e6d8f5760903400ecee60e0d8f89ffddc3704cbf2a8b1254c350296d6618b01e"`
Dec 01 13:27:54.959 INFO [stdout] e6d8f5760903400ecee60e0d8f89ffddc3704cbf2a8b1254c350296d6618b01e
Dec 01 13:27:54.962 INFO running `"docker" "create" "-v" "/mnt/big/crater/work/local/target-dirs/beta-1.31-5/worker-1/master#8940af3cea4a9a9deabcaf843b2f8cad9a83fc61:/target:rw,Z" "-v" "/mnt/big/crater/work/local/test-source/worker-1/beta-1.31-5/master#8940af3cea4a9a9deabcaf843b2f8cad9a83fc61:/source:ro,Z" "-v" "/mnt/big/crater/work/local/cargo-home:/cargo-home:ro,Z" "-v" "/mnt/big/crater/work/local/rustup-home:/rustup-home:ro,Z" "-e" "USER_ID=1000" "-e" "SOURCE_DIR=/source" "-e" "USER_ID=1000" "-e" "CMD=cargo +8940af3cea4a9a9deabcaf843b2f8cad9a83fc61-alt test --frozen" "-e" "CARGO_TARGET_DIR=/target" "-e" "CARGO_INCREMENTAL=0" "-e" "RUST_BACKTRACE=full" "-e" "RUSTFLAGS=--cap-lints=warn" "-e" "CARGO_HOME=/cargo-home" "-e" "RUSTUP_HOME=/rustup-home" "-m" "1536M" "--network" "none" "crater"`
Dec 01 13:27:55.215 INFO [stdout] cf03252b8579b7f5369d88e59624fcb196fac5a23b215cb8803d4e7e812c25de
Dec 01 13:27:55.217 INFO running `"docker" "start" "-a" "cf03252b8579b7f5369d88e59624fcb196fac5a23b215cb8803d4e7e812c25de"`
Dec 01 13:27:55.665 INFO [stderr] usermod: no changes
Dec 01 13:27:55.730 INFO [stderr]     Finished dev [unoptimized + debuginfo] target(s) in 0.04s
Dec 01 13:27:55.733 INFO [stderr]      Running /target/debug/deps/promptly-ae316b6a85c91754
Dec 01 13:27:55.734 INFO [stdout] 
Dec 01 13:27:55.734 INFO [stdout] running 2 tests
Dec 01 13:27:55.739 INFO [stdout] test question::tests::test_format ... ok
Dec 01 13:27:55.759 INFO [stdout] test question::tests::test_run_command_spaces ... FAILED
Dec 01 13:27:55.759 INFO [stdout] 
Dec 01 13:27:55.759 INFO [stdout] failures:
Dec 01 13:27:55.759 INFO [stdout] 
Dec 01 13:27:55.759 INFO [stdout] ---- question::tests::test_run_command_spaces stdout ----
Dec 01 13:27:55.759 INFO [stdout] thread 'question::tests::test_run_command_spaces' panicked at 'called `Result::unwrap()` on an `Err` value: Os { code: 2, kind: NotFound, message: "No such file or directory" }', libcore/result.rs:1009:5
Dec 01 13:27:55.759 INFO [stdout] stack backtrace:
Dec 01 13:27:55.759 INFO [stdout]    0:     0x557bda26e18f - std::sys::unix::backtrace::tracing::imp::unwind_backtrace::h3a8b83e1922cbdde
Dec 01 13:27:55.759 INFO [stdout]                                at libstd/sys/unix/backtrace/tracing/gcc_s.rs:49
Dec 01 13:27:55.759 INFO [stdout]    1:     0x557bda27a9c7 - std::sys_common::backtrace::print::h00d3155a29b4020f
Dec 01 13:27:55.759 INFO [stdout]                                at libstd/sys_common/backtrace.rs:71
Dec 01 13:27:55.759 INFO [stdout]                                at libstd/sys_common/backtrace.rs:59
Dec 01 13:27:55.759 INFO [stdout]    2:     0x557bda27357f - std::panicking::default_hook::{{closure}}::hd7465c742e79e1bb
Dec 01 13:27:55.759 INFO [stdout]                                at libstd/panicking.rs:211
Dec 01 13:27:55.759 INFO [stdout]    3:     0x557bda27327e - std::panicking::default_hook::h9e3966f2aa2a6e12
Dec 01 13:27:55.759 INFO [stdout]                                at libstd/panicking.rs:221
Dec 01 13:27:55.759 INFO [stdout]    4:     0x557bda273c5e - std::panicking::rust_panic_with_hook::h587f091ae747d080
Dec 01 13:27:55.759 INFO [stdout]                                at libstd/panicking.rs:476
Dec 01 13:27:55.759 INFO [stdout]    5:     0x557bda273801 - std::panicking::continue_panic_fmt::hb3a4fdede87f43a8
Dec 01 13:27:55.759 INFO [stdout]                                at libstd/panicking.rs:390
Dec 01 13:27:55.759 INFO [stdout]    6:     0x557bda2736e5 - rust_begin_unwind
Dec 01 13:27:55.759 INFO [stdout]                                at libstd/panicking.rs:325
Dec 01 13:27:55.759 INFO [stdout]    7:     0x557bda2b597c - core::panicking::panic_fmt::h6f9cebf5e7474a0b
Dec 01 13:27:55.759 INFO [stdout]                                at libcore/panicking.rs:77
Dec 01 13:27:55.759 INFO [stdout]    8:     0x557bda25a6b0 - core::result::unwrap_failed::h475e8b2ab189b5f4
Dec 01 13:27:55.759 INFO [stdout]                                at libcore/macros.rs:26
Dec 01 13:27:55.759 INFO [stdout]    9:     0x557bda210edc - <core::result::Result<T, E>>::unwrap::he30e098556c546ff
Dec 01 13:27:55.759 INFO [stdout]                                at libcore/result.rs:808
Dec 01 13:27:55.759 INFO [stdout]   10:     0x557bda20f372 - promptly::question::tests::test_run_command_spaces::h77fdd9ab47bae174
Dec 01 13:27:55.759 INFO [stdout]                                at src/question.rs:128
Dec 01 13:27:55.759 INFO [stdout]   11:     0x557bda20f309 - promptly::question::tests::test_run_command_spaces::{{closure}}::h032c49fcdf15afd8
Dec 01 13:27:55.759 INFO [stdout]                                at src/question.rs:126
Dec 01 13:27:55.759 INFO [stdout]   12:     0x557bda21069d - core::ops::function::FnOnce::call_once::h3b5125342beae9c5
Dec 01 13:27:55.759 INFO [stdout]                                at libcore/ops/function.rs:238
Dec 01 13:27:55.759 INFO [stdout]   13:     0x557bda212aee - <F as alloc::boxed::FnBox<A>>::call_box::hac903f91577a156c
Dec 01 13:27:55.759 INFO [stdout]                                at libtest/lib.rs:1468
Dec 01 13:27:55.759 INFO [stdout]                                at libcore/ops/function.rs:238
Dec 01 13:27:55.759 INFO [stdout]                                at liballoc/boxed.rs:672
Dec 01 13:27:55.759 INFO [stdout]   14:     0x557bda285979 - __rust_maybe_catch_panic
Dec 01 13:27:55.759 INFO [stdout]                                at libpanic_unwind/lib.rs:102
Dec 01 13:27:55.759 INFO [stdout]   15:     0x557bda234742 - std::sys_common::backtrace::__rust_begin_short_backtrace::hb8f0d0309526c184
Dec 01 13:27:55.759 INFO [stdout]                                at libstd/panicking.rs:289
Dec 01 13:27:55.759 INFO [stdout]                                at libstd/panic.rs:392
Dec 01 13:27:55.759 INFO [stdout]                                at libtest/lib.rs:1423
Dec 01 13:27:55.759 INFO [stdout]                                at libstd/sys_common/backtrace.rs:136
Dec 01 13:27:55.759 INFO [stdout]   16:     0x557bda2351f4 - std::panicking::try::do_call::hc2f7c8b9a348d8db
Dec 01 13:27:55.759 INFO [stdout]                                at libstd/thread/mod.rs:409
Dec 01 13:27:55.759 INFO [stdout]                                at libstd/panic.rs:313
Dec 01 13:27:55.759 INFO [stdout]                                at libstd/panicking.rs:310
Dec 01 13:27:55.760 INFO [stdout]   17:     0x557bda285979 - __rust_maybe_catch_panic
Dec 01 13:27:55.760 INFO [stdout]                                at libpanic_unwind/lib.rs:102
Dec 01 13:27:55.760 INFO [stdout]   18:     0x557bda22242c - <F as alloc::boxed::FnBox<A>>::call_box::h6bfded618e480b32
Dec 01 13:27:55.760 INFO [stdout]                                at libstd/panicking.rs:289
Dec 01 13:27:55.760 INFO [stdout]                                at libstd/panic.rs:392
Dec 01 13:27:55.760 INFO [stdout]                                at libstd/thread/mod.rs:408
Dec 01 13:27:55.760 INFO [stdout]                                at liballoc/boxed.rs:672
Dec 01 13:27:55.760 INFO [stdout]   19:     0x557bda2705ed - std::sys_common::thread::start_thread::h4c28257d67cdf9cb
Dec 01 13:27:55.760 INFO [stdout]                                at liballoc/boxed.rs:682
Dec 01 13:27:55.760 INFO [stdout]                                at libstd/sys_common/thread.rs:24
Dec 01 13:27:55.760 INFO [stdout]   20:     0x557bda2636c5 - std::sys::unix::thread::Thread::new::thread_start::hfecb2e7eff8fd34f
Dec 01 13:27:55.760 INFO [stdout]                                at libstd/sys/unix/thread.rs:90
Dec 01 13:27:55.760 INFO [stdout]   21:     0x7f826815a6b9 - start_thread
Dec 01 13:27:55.760 INFO [stdout]   22:     0x7f8267c7a41c - clone
Dec 01 13:27:55.760 INFO [stdout]   23:                0x0 - <unknown>
Dec 01 13:27:55.760 INFO [stdout] 
Dec 01 13:27:55.760 INFO [stdout] 
Dec 01 13:27:55.760 INFO [stdout] failures:
Dec 01 13:27:55.760 INFO [stdout]     question::tests::test_run_command_spaces
Dec 01 13:27:55.760 INFO [stdout] 
Dec 01 13:27:55.760 INFO [stdout] test result: FAILED. 1 passed; 1 failed; 0 ignored; 0 measured; 0 filtered out
Dec 01 13:27:55.760 INFO [stdout] 
Dec 01 13:27:55.760 INFO [stderr] error: test failed, to rerun pass '--bin promptly'
Dec 01 13:27:55.762 INFO [stderr] su: No module specific data is present
Dec 01 13:27:56.195 INFO running `"docker" "inspect" "cf03252b8579b7f5369d88e59624fcb196fac5a23b215cb8803d4e7e812c25de"`
Dec 01 13:27:56.317 INFO running `"docker" "rm" "-f" "cf03252b8579b7f5369d88e59624fcb196fac5a23b215cb8803d4e7e812c25de"`
Dec 01 13:27:56.378 INFO [stdout] cf03252b8579b7f5369d88e59624fcb196fac5a23b215cb8803d4e7e812c25de
